 x(o) = -2*o**2 + 90*o - 2080. Determine x(30).
-1180
Let b(o) = 122*o**3 - 143*o**2 - 224*o + 36. Calculate b(2).
-8
Let z(n) = 43*n - 1901. What is z(48)?
163
Let p(x) = -229542*x - 2065866. Give p(-9).
12
Let f(t) = 92*t**2 - 1652*t - 26. Calculate f(18).
46
Let w(a) = a**2 + 4040*a - 73003. Calculate w(18).
41
Let l(f) = -279*f + 3085. Give l(16).
-1379
Let d(h) = h**3 + 38*h**2 + 636*h + 3839. Give d(-11).
110
Let q(m) = -23*m**3 - 3059*m**2 + m + 137. What is q(-133)?
4
Let z(y) = 193*y**3 - 18*y**2 - 11*y + 8. What is z(-2)?
-1586
Let u(d) = 2620*d**3 - 20*d**2 + 30*d - 11. What is u(1)?
2619
Let t(w) = 2934*w + 1249925. Give t(-426).
41
Let j(d) = 135*d + 1388. Give j(-17).
-907
Let w(v) = 2*v**3 - 354*v**2 + 729*v - 5071. What is w(175)?
4
Let x(j) = 2102*j - 878635. What is x(418)?
1
Let q(t) = -2*t**3 + 687*t**2 - 353*t + 3425. Determine q(343).
-5
Let l(m) = -53*m - 6110. Determine l(-97).
-969
Let c(k) = -2*k**3 + 2*k**2 + 24*k + 70. Give c(-3).
70
Let g(f) = 3*f**2 - 387*f - 2424. Calculate g(135).
6
Let n(l) = 4*l**2 + 1772*l - 12255. Calculate n(-450).
345
Let s(z) = -510524*z - 10720986. Calculate s(-21).
18
Let o(j) = 26*j**3 + 1921*j**2 - 108*j + 8454. Give o(-74).
18
Let r(m) = 2012*m - 108690. Calculate r(54).
-42
Let i(c) = -c**2 + 315*c + 27416. Calculate i(-71).
10
Let g(p) = -2*p**2 - 714*p - 56190. Determine g(-116).
-278
Let w(n) = 4294*n + 227525. Give w(-53).
-57
Let d(g) = 2*g**3 + 322*g**2 - 1812*g - 3773. Calculate d(7).
7
Let o(w) = -w**3 - 22*w**2 + 325*w + 150. Calculate o(-32).
-10
Let z(x) = 3828*x - 401902. What is z(105)?
38
Let a(c) = 2*c**2 + 583*c + 18405. What is a(-36)?
9
Let t(s) = -s**3 - 82*s**2 - 231*s - 86. What is t(-79)?
-560
Let h(m) = -541*m**2 + 1096*m + 16. Calculate h(2).
44
Let b(x) = -2216*x + 1480286. Give b(668).
-2
Let a(d) = -d**2 - 298*d + 10697. Calculate a(32).
137
Let b(t) = -441*t + 8111. Give b(18).
173
Let j(c) = -3243*c + 3632. What is j(1)?
389
Let q(i) = 4406551*i - 44065499. What is q(10)?
11
Let q(i) = -28*i**2 - 4218*i + 1471. Give q(-151).
-39
Let b(u) = u**3 + 116*u**2 + 1419*u - 841. Calculate b(-102).
77
Let k(m) = m**3 + 66*m**2 + 115*m - 17600. Give k(-59).
-18
Let m(f) = -4*f**2 + 515*f + 576. What is m(134)?
-2238
Let j(a) = -5*a**3 + 34*a**2 + 78*a - 535. What is j(6)?
77
Let h(u) = -191565*u + 1724112. Give h(9).
27
Let a(z) = z**3 + 8*z**2 + 116*z + 716. What is a(-7)?
-47
Let i(w) = 15*w**3 + 57*w**2 + 95*w + 83. Calculate i(-4).
-345
Let w(j) = -j**3 - 406*j**2 + 5460*j + 6. Give w(13).
175
Let v(w) = 116148*w - 38444993. Give v(331).
-5
Let x(w) = 2783*w - 556605. Give x(200).
-5
Let h(x) = 4055*x + 52664. Calculate h(-13).
-51
Let p(j) = -5*j**3 - 26*j**2 + 677*j + 7. Determine p(9).
349
Let j(f) = -2*f**3 - 38*f**2 - 52*f - 81. Calculate j(-19).
907
Let c(k) = -64024*k - 127997. Determine c(-2).
51
Let l(t) = -2*t**2 + 241802*t - 3384787. Give l(14).
49
Let x(y) = 2*y**2 + 712*y - 11911. What is x(16)?
-7
Let w(x) = 112*x**2 - 217*x - 16101. What is w(13)?
6
Let o(r) = 189*r**2 + 69*r - 140. Give o(2).
754
Let f(d) = -3*d**2 + 421*d - 6281. Calculate f(17).
9
Let q(k) = -15122*k + 30248. Give q(2).
4
Let k(i) = -i**2 - 104*i + 12305. Give k(-176).
-367
Let d(x) = -3*x**3 - 373*x**2 - 1340*x - 150786. What is d(-124)?
-2
Let n(i) = 820*i + 16408. Calculate n(-20).
8
Let l(t) = -43494*t + 1000470. Determine l(23).
108
Let c(s) = -2*s**2 + 9582*s - 295181. What is c(31)?
-61
Let y(m) = -140*m - 5861. Determine y(-41).
-121
Let u(d) = d**3 + 246*d**2 - 3098*d - 1251. Give u(-258).
-735
Let t(k) = 4611*k - 212047. Give t(46).
59
Let x(s) = s**3 - 923*s**2 + 399*s - 368287. Give x(923).
-10
Let f(c) = -10025*c + 20182. What is f(2)?
132
Let c(a) = 13*a**2 - 11*a - 470. Give c(0).
-470
Let j(k) = k**2 + 25*k - 710. Calculate j(-39).
-164
Let h(j) = -j**3 + 17*j**2 + 364*j - 3953. Calculate h(23).
1245
Let v(o) = 2*o**2 + 9705*o - 2073571. Calculate v(205).
4
Let j(t) = 57*t**2 + 390*t - 38. Give j(-7).
25
Let k(y) = 5*y**2 + 111*y - 453. Give k(4).
71
Let o(r) = -16*r**2 + 1954*r + 10199. Calculate o(-5).
29
Let s(y) = 13*y**2 + 250*y - 617. Calculate s(-15).
-1442
Let w(z) = z**3 - 98*z**2 - 1191*z - 864. Determine w(109).
8
Let y(g) = 2*g**3 + 56*g**2 - 21*g - 3291. Give y(-26).
-41
Let o(q) = -11*q**3 + 2176*q**2 + 368*q + 5545. Give o(198).
1
Let a(h) = -h**3 - 32*h**2 - 191*h - 3989. What is a(-30)?
-59
Let a(m) = 8*m**3 + 130*m**2 + 23*m - 37. Calculate a(-16).
107
Let y(j) = -2559*j**2 - 632075*j - 592. Determine y(-247).
-98
Let c(y) = -5781*y + 98269. What is c(17)?
-8
Let c(m) = 10650*m + 106410. What is c(-10)?
-90
Let q(s) = -806*s - 14866. Give q(-17).
-1164
Let f(y) = 2*y**3 - 110*y**2 - 306*y + 791. Calculate f(58).
3227
Let d(h) = -3*h**3 - 12*h**2 - 19*h + 349. What is d(8)?
-2107
Let i(x) = -2*x**3 + 13*x**2 + 39*x - 358. Give i(6).
-88
Let h(r) = -21925*r + 460197. Give h(21).
-228
Let m(z) = 223*z + 5626. What is m(-17)?
1835
Let j(b) = -2*b**2 + 47*b - 794. Determine j(19).
-623
Let s(a) = 17*a**2 + 262*a - 1804. Determine s(5).
-69
Let y(i) = 306*i**3 + 7*i**2 + 315*i + 316. Give y(-1).
-298
Let g(k) = 6*k**3 - 14*k**2 - 45*k - 146. Determine g(-5).
-1021
Let k(r) = 11740*r + 270050. What is k(-23)?
30
Let m(c) = 520*c + 251134. Give m(-483).
-26
Let i(o) = -7479*o - 44860. Give i(-6).
14
Let j(f) = 1056*f + 46388. Calculate j(-42).
2036
Let t(j) = -12*j**3 - 523*j**2 - 3590*j + 532. Calculate t(-35).
7
Let m(a) = 315*a + 2297. What is m(-11)?
-1168
Let a(k) = -2*k**3 - 8*k**2 - 46*k - 198. Give a(-5).
82
Let t(z) = -2093*z + 1584. Give t(1).
-509
Let u(r) = -2*r**3 - 121*r**2 - 210*r - 9276. Determine u(-60).
-276
Let p(n) = 3*n**2 - 371*n + 3004. What is p(8)?
228
Let m(c) = 17*c**3 + 119*c**2 - 370*c - 1. What is m(3)?
419
Let o(q) = -155*q**2 - 80*q + 205. Determine o(3).
-1430
Let r(l) = 913*l + 9333. Calculate r(-10).
203
Let g(x) = -2*x**3 + 54*x**2 + x - 9. Determine g(27).
18
Let v(w) = 2766*w - 124525. Calculate v(45).
-55
Let n(r) = -1821*r**2 - 169265*r + 8188. Give n(-93).
4
Let l(z) = -z**2 + 1970*z - 27199. Calculate l(14).
185
Let i(k) = -k**3 - 160*k**2 - 448*k + 3620. What is i(-157)?
9
Let x(f) = 31*f**3 - 13*f**2 - 163*f + 177. Calculate x(1).
32
Let s(f) = -1574*f - 23544. Determine s(-15).
66
Let z(f) = -f**2 + 153*f - 128. Determine z(152).
24
Let f(u) = -11*u**2 + 393*u + 11094. Determine f(54).
240
Let r(y) = -2*y**3 - 5*y**2 + 116*y + 123. Determine r(-1).
4
Let q(y) = -161*y - 813. What is q(-5)?
-8
Let r(n) = -151948*n - 6381814. Determine r(-42).
2
Let k(f) = -4*f**3 - 254*f**2 - 415*f - 2653. Calculate k(-62).
13
Let y(o) = -o**2 - 17989*o + 4208819. Give y(231).
-1
Let l(j) = 2*j**2 + 110*j - 2428. Give l(19).
384
Let c(s) = -43*s**2 - 1687*s - 1688. Determine c(-1).
-44
Let h(b) = -89113*b - 267113. Determine h(-3).
226
Let c(o) = -2*o**3 + 16*o**2 - 260*o + 1702. Calculate c(7).
-20
Let v(m) = -64*m**2 - 3772*m - 140. Determine v(-59).
-376
Let y(z) = 4*z**3 + 44*z**2 + 224*z + 2459. Determine y(-11).
-5
Let p(c) = -9*c + 730. Calculate p(41).
361
Let f(a) = a**3 - 29*a**2 + 173*a - 17. Give f(18).
-467
Let j(g) = -7761*g - 5812986. Calculate j(-749).
3
Let j(g) = 5*g**3 + 33*g**2 + 47*g + 22. Calculate j(-10).
-2148
Let u(a) = a**2 + 1772*a + 89422. Determine u(-52).
-18
Let o(v) = 2*v**3 + 644*v**2 + 51591*v - 1570. Give o(-172).
-22
Let n(o) = o**3 + 285*o**2 + 1139*o + 4258. Calculate n(-281).
43
Let f(d) = -2*d**3 + 127*d**2 + 89*d - 7745. What is f(63)?
1831
Let s(x) = 13658*x - 792164. Calculate s(58).
0
Let s(v) = v**2 + 11670*v + 81688. Give s(-7).
47
Let a(o) = -1244*o + 43688. What is a(35)?
148
Let m(n) = -921*n - 74417. What is m(-81)?
184
Let i(t) = -t**3 + 3*t**2 + 127*t + 1509. Calculate i(-11).
1806
Let v(l) = -l**2 - 87*l + 3009. Calculate v(23).
479
Let o(d) = -98*d - 10081. Determine o(-85).
-1751
Let s(r) = 3*r**2 - 269*r - 416. Calculate s(91).
-52
Let q(c) = 24956*c - 200043. Give q(8).
-395
Let h(r) = 1492*r + 105929. Give h(-71).
-3
Let q(j) = -87*j**2 - 170*j + 825. Determine q(3).
-468
Let z(q) = q**3 + 188*q**2 - 1138*q - 33394. Calculate z(-193).
-5
Let y(r) = 9353*r - 47355. Give y(5).
-590
Let m(b) = -6639*b + 6777. What is m(1)?
138
Let q(t) = -298*t**2 + 127249*t - 1292